{"id":3,"date":"2024-05-12T12:31:25","date_gmt":"2024-05-12T10:31:25","guid":{"rendered":"http:\/\/centroeunoia.com\/?page_id=3"},"modified":"2024-05-20T13:10:39","modified_gmt":"2024-05-20T11:10:39","slug":"politica-de-privacidad","status":"publish","type":"page","link":"https:\/\/centroeunoia.com\/index.php\/politica-de-privacidad\/","title":{"rendered":"Pol\u00edtica de privacidad"},"content":{"rendered":"\n<p>La presente Pol\u00edtica de Privacidad regula el uso del servicio del portal de Internet<br>con direcci\u00f3n <a href=\"http:\/\/centroeunoia.com.\">https:\/\/centroeunoia.com.<\/a>, cuyo responsable a efectos identificativos es:<\/p>\n\n\n\n<ul class=\"wp-block-list\">\n<li>Responsable: JENNIFER DOMENECH PULIDO, NOELIA MATA GALVE, MARTA<br>QUERALT P\u00c9REZ<\/li>\n\n\n\n<li>NIF: 21686077K \/ 53251936J \/ 45912973M<\/li>\n\n\n\n<li>Direcci\u00f3n: C\/ SANTA GENOVEVA TORRES, N\u00ba 26, BAJO IZQ<\/li>\n\n\n\n<li>Tel\u00e9fono: 614376046<\/li>\n\n\n\n<li>Mail:JENNIFER.DOMENECH@CENTROEUNOIA.COM,<br>NOELIA.MATA@CENTROEUNOIA.COM ,<br>MARTA.QUERALT@CENTROEUNOIA.COM<\/li>\n<\/ul>\n\n\n\n<h2 class=\"wp-block-heading\">Finalidad, \u00bfPara qu\u00e9 tratamos sus datos?<\/h2>\n\n\n\n<p>A efecto de lo previsto en RGPD de 27 de abril de 2016, y la LO 3\/2018, trataremos<br>los datos que recojamos para las siguientes finalidades:<\/p>\n\n\n\n<ul class=\"wp-block-list\">\n<li>Contactar con usted en caso de que as\u00ed nos lo pida.<\/li>\n\n\n\n<li>Gestionar su navegaci\u00f3n en la web, en su caso.<\/li>\n\n\n\n<li>Remitirle comunicaciones comerciales acerca de nuestros productos y<br>servicios.<\/li>\n\n\n\n<li>Para ello el usuario dispondr\u00e1 de un formulario de registro cuya<br>cumplimentaci\u00f3n legitimar\u00e1 al interesado al acceso y disfrute de determinados<br>servicios ofrecidos en la web.<br>No obstante, se informa al usuario que en todo formulario de contacto el mismo<br>ser\u00e1 informado del uso que se har\u00e1 de los datos obtenidos y, si son utilizados<br>para un fin distinto, dicho consentimiento se obtendr\u00e1 previamente y de<br>manera expresa.<br>Si el consentimiento del interesado se da en el contexto de una declaraci\u00f3n<br>escrita que tambi\u00e9n se refiera a otros asuntos, la solicitud de consentimiento se<br>presentar\u00e1 de tal forma que se distinga claramente de los dem\u00e1s asuntos, de<br>forma inteligible y de f\u00e1cil acceso y utilizando un lenguaje claro y sencillo, de<br>conformidad con el art\u00edculo 7.2 del RGPD de 27 de abril de 2016.<\/li>\n<\/ul>\n\n\n\n<h2 class=\"wp-block-heading\">Legitimaci\u00f3n, \u00bfCu\u00e1l es la legitimaci\u00f3n para el tratamiento de sus datos?<\/h2>\n\n\n\n<p>La base legal para el tratamiento de sus datos se basar\u00e1 en:<\/p>\n\n\n\n<ul class=\"wp-block-list\">\n<li>El consentimiento del interesado, para el tratamiento de sus datos,<br>conforme el art\u00edculo 6. 1. a) del Reglamento General Europeo de Protecci\u00f3n<br>de Datos.<\/li>\n\n\n\n<li>La necesaria ejecuci\u00f3n de un contrato en el que el interesado es parte o para<br>la aplicaci\u00f3n a petici\u00f3n de este de medidas precontractuales, conforme el<br>art\u00edculo 6. 1. b) del Reglamento General Europeo de Protecci\u00f3n de Datos.<\/li>\n<\/ul>\n\n\n\n<h2 class=\"wp-block-heading\">Destinatarios \u00bfA qui\u00e9n comunicamos tus datos?<\/h2>\n\n\n\n<p>Los datos personales no ser\u00e1n objeto de cesi\u00f3n salvo en el cumplimiento de<br>obligaciones legalmente establecidas o para dar soporte a los servicios<br>vinculados a este tratamiento.<\/p>\n\n\n\n<h2 class=\"wp-block-heading\">Conservaci\u00f3n, \u00bfDurante cu\u00e1nto tiempo conservamos tus datos?<\/h2>\n\n\n\n<p>Conservaremos sus datos de car\u00e1cter personal durante al menos 5 a\u00f1os en caso<br>de que sea cliente y para el estricto cumplimiento de las obligaciones legales<br>establecidas en la normativa.<br>En caso de no ser cliente conservaremos sus datos el m\u00ednimo tiempo<br>indispensable para gestionar nuestra relaci\u00f3n.<\/p>\n\n\n\n<h2 class=\"wp-block-heading\">Derechos, \u00bfCu\u00e1les son tus derechos cuando nos facilitas tus datos?<\/h2>\n\n\n\n<p>Cualquier persona tiene derecho a obtener confirmaci\u00f3n sobre si se est\u00e1n<br>tratando datos personales que le conciernan.<br>Las personas interesadas tienen derecho a poder acceder a sus datos<br>personales, as\u00ed como a solicitar la rectificaci\u00f3n de los datos inexactos o, en su<br>caso, solicitar su supresi\u00f3n cuando, entre otros motivos, los datos ya no sean<br>necesarios para los fines que fueron recogidos.<br>En determinadas circunstancias, las personas interesadas podr\u00e1n solicitar la<br>limitaci\u00f3n del tratamiento de sus datos, en cuyo caso \u00fanicamente los<br>conservaremos para el ejercicio o la defensa de reclamaciones.<br>En determinadas circunstancias y por motivos relacionados con su situaci\u00f3n<br>particular, las personas interesadas podr\u00e1n oponerse al tratamiento de sus<br>datos. En tal caso, dejar\u00e1n de tratarse los datos, salvo por motivos leg\u00edtimos o el<br>ejercicio o la defensa de posibles reclamaciones.<br>Las personas interesadas podr\u00e1n solicitar la portabilidad de los datos para<br>obtener los datos que han proporcionado en un formato estructurado, de uso<br>com\u00fan y de lectura mec\u00e1nica, para ser descargados por s\u00ed mismos o<br>transmitidos a otra entidad.<br>La persona interesada puede ejercitar sus derechos dirigiendo un correo<br>electr\u00f3nico a la direcci\u00f3n de correo electr\u00f3nico<br>JENNIFER.DOMENECH@CENTROEUNOIA.COM,<br>NOELIA.MATA@CENTROEUNOIA.COM,<br>MARTA.QUERALT@CENTROEUNOIA.COM o en su caso a la direcci\u00f3n f\u00edsica C\/<br>SANTA GENOVEVA TORRES, N\u00ba 26, BAJO IZQ.<\/p>\n\n\n\n<h2 class=\"wp-block-heading\">Consentimiento menores, \u00bfQu\u00e9 pasa si eres menor de edad?<\/h2>\n\n\n\n<p>En el supuesto que algunos de nuestros servicios vayan dirigidos<br>espec\u00edficamente a menores de catorce a\u00f1os, solicitaremos la conformidad de los<br>padres o tutores para la recogida de los datos personales o, en su caso, para el<br>tratamiento automatizado de los datos conforme el art\u00edculo 7 de la LOPDGDD.<\/p>\n\n\n\n<h2 class=\"wp-block-heading\">Exactitud, veracidad y seguridad de los datos, \u00bfC\u00f3mo tratamos tus datos?<\/h2>\n\n\n\n<p>El Usuario es el \u00fanico responsable de la veracidad y correcci\u00f3n de los datos<br>incluidos, exoner\u00e1ndonos de cualquier responsabilidad al respecto. Los usuarios<br>garantizan y responden, en cualquier caso, de la exactitud, vigencia y<br>autenticidad de los datos personales facilitados, y se comprometen a<br>mantenerlos debidamente actualizados. El usuario acepta proporcionar<br>informaci\u00f3n completa y correcta en los formularios de registro o suscripci\u00f3n. No<br>responderemos de la veracidad de las informaciones que no sean de elaboraci\u00f3n<br>propia y de las que se indique otra fuente, por lo que tampoco asume<br>responsabilidad alguna en cuanto a hipot\u00e9ticos perjuicios que pudieran<br>originarse por el uso de dicha informaci\u00f3n.<br>Tambi\u00e9n reservaremos el derecho a actualizar, modificar o eliminar la<br>informaci\u00f3n contenida en la web pudiendo incluso limitar o no permitir el<br>acceso a dicha informaci\u00f3n. No seremos responsables ante cualquier da\u00f1o o<br>perjuicio que pudiera sufrir el Usuario como consecuencia de errores, defectos u<br>omisiones, en la informaci\u00f3n facilitada por el responsable siempre que proceda<br>de fuentes ajenas.<br>Los datos ser\u00e1n tratados de forma confidencial y bajo el sometimiento a<br>medidas t\u00e9cnicas y organizativas de seguridad adecuadas para evitar su<br>alteraci\u00f3n, p\u00e9rdida, tratamiento o acceso no autorizado.<br>Podr\u00e1 presentar una reclamaci\u00f3n ante la Agencia Espa\u00f1ola de Protecci\u00f3n de<br>Datos, especialmente cuando no haya obtenido satisfacci\u00f3n en el ejercicio de<br>sus derechos, en la direcci\u00f3n postal y\/o electr\u00f3nica indicada en la p\u00e1gina<br>www.aepd.es.<\/p>\n","protected":false},"excerpt":{"rendered":"<p>La presente Pol\u00edtica de Privacidad regula el uso del servicio del portal de Internetcon direcci\u00f3n https:\/\/centroeunoia.com., cuyo responsable a efectos identificativos es: Finalidad, \u00bfPara qu\u00e9 tratamos sus datos? A efecto de lo previsto en RGPD de 27 de abril de 2016, y la LO 3\/2018, trataremoslos datos que recojamos para las siguientes finalidades: Legitimaci\u00f3n, \u00bfCu\u00e1l [&hellip;]<\/p>\n","protected":false},"author":1,"featured_media":0,"parent":0,"menu_order":0,"comment_status":"closed","ping_status":"closed","template":"","meta":{"footnotes":""},"class_list":["post-3","page","type-page","status-publish","hentry"],"_links":{"self":[{"href":"https:\/\/centroeunoia.com\/index.php\/wp-json\/wp\/v2\/pages\/3","targetHints":{"allow":["GET"]}}],"collection":[{"href":"https:\/\/centroeunoia.com\/index.php\/wp-json\/wp\/v2\/pages"}],"about":[{"href":"https:\/\/centroeunoia.com\/index.php\/wp-json\/wp\/v2\/types\/page"}],"author":[{"embeddable":true,"href":"https:\/\/centroeunoia.com\/index.php\/wp-json\/wp\/v2\/users\/1"}],"replies":[{"embeddable":true,"href":"https:\/\/centroeunoia.com\/index.php\/wp-json\/wp\/v2\/comments?post=3"}],"version-history":[{"count":4,"href":"https:\/\/centroeunoia.com\/index.php\/wp-json\/wp\/v2\/pages\/3\/revisions"}],"predecessor-version":[{"id":238,"href":"https:\/\/centroeunoia.com\/index.php\/wp-json\/wp\/v2\/pages\/3\/revisions\/238"}],"wp:attachment":[{"href":"https:\/\/centroeunoia.com\/index.php\/wp-json\/wp\/v2\/media?parent=3"}],"curies":[{"name":"wp","href":"https:\/\/api.w.org\/{rel}","templated":true}]}}