{"id":119,"date":"2024-05-18T23:45:26","date_gmt":"2024-05-18T21:45:26","guid":{"rendered":"http:\/\/centroeunoia.com\/?page_id=119"},"modified":"2024-05-19T22:47:40","modified_gmt":"2024-05-19T20:47:40","slug":"jennifer-domenech-pulido","status":"publish","type":"page","link":"https:\/\/centroeunoia.com\/index.php\/jennifer-domenech-pulido\/","title":{"rendered":"Jennifer Dom\u00e9nech Pulido"},"content":{"rendered":"\n<p class=\"has-text-align-center\">Psic\u00f3loga General Sanitaria CV11181<\/p>\n\n\n\n<div style=\"height:20px\" aria-hidden=\"true\" class=\"wp-block-spacer\"><\/div>\n\n\n\n<div class=\"wp-block-group alignfull has-custom-crema-eunoia-color has-custom-verde-eunoia-oscuro-background-color has-text-color has-background has-link-color wp-elements-46f291e32c3c14ccd4d51d3219096a89 has-global-padding is-layout-constrained wp-container-core-group-is-layout-669513ed wp-block-group-is-layout-constrained\" style=\"margin-top:0;margin-bottom:0;padding-top:var(--wp--preset--spacing--50);padding-right:var(--wp--preset--spacing--50);padding-bottom:var(--wp--preset--spacing--50);padding-left:var(--wp--preset--spacing--50)\">\n<div class=\"wp-block-columns alignwide is-layout-flex wp-container-core-columns-is-layout-1da03c2a wp-block-columns-is-layout-flex\">\n<div class=\"wp-block-column is-vertically-aligned-stretch is-layout-flow wp-block-column-is-layout-flow\" style=\"flex-basis:50%\">\n<div class=\"wp-block-group is-vertical is-content-justification-stretch is-layout-flex wp-container-core-group-is-layout-444d5ee8 wp-block-group-is-layout-flex\" style=\"min-height:100%\">\n<p class=\"has-text-align-left has-hk-grotesk-font-family\" style=\"font-size:clamp(0.984rem, 0.984rem + ((1vw - 0.2rem) * 0.86), 1.5rem);\">Desde mi punto de vista, un psic\u00f3logo es un experto que dota a las personas de t\u00e9cnicas o estrategias probadas<strong> cient\u00edficamente<\/strong> para aprender a manejar un malestar emocional elimin\u00e1ndolo o a saber gestionarlo de tal manera que interfiera lo m\u00ednimo posible en su d\u00eda<br>a d\u00eda.<br>Creo firmemente que la relaci\u00f3n terapeuta-paciente, l<strong>a empat\u00eda y la confianza que se<br>generan dentro de la terapia son imprescindibles.<\/strong> A nivel personal y profesional, no hay mayor gratificaci\u00f3n que ver c\u00f3mo las personas van progresando y evolucionando.<\/p>\n<\/div>\n<\/div>\n\n\n\n<div class=\"wp-block-column is-vertically-aligned-top is-layout-flow wp-block-column-is-layout-flow\" style=\"flex-basis:50%\">\n<figure class=\"wp-block-image size-large is-style-rounded is-style-rounded--1\"><img loading=\"lazy\" decoding=\"async\" width=\"683\" height=\"1024\" src=\"http:\/\/centroeunoia.com\/wp-content\/uploads\/2024\/05\/Eunoia-24-683x1024.jpg\" alt=\"jennifer-domenech-pulido\" class=\"wp-image-74\" style=\"aspect-ratio:3\/4;object-fit:cover\" srcset=\"https:\/\/centroeunoia.com\/wp-content\/uploads\/2024\/05\/Eunoia-24-683x1024.jpg 683w, https:\/\/centroeunoia.com\/wp-content\/uploads\/2024\/05\/Eunoia-24-200x300.jpg 200w, https:\/\/centroeunoia.com\/wp-content\/uploads\/2024\/05\/Eunoia-24-768x1152.jpg 768w, https:\/\/centroeunoia.com\/wp-content\/uploads\/2024\/05\/Eunoia-24-1024x1536.jpg 1024w, https:\/\/centroeunoia.com\/wp-content\/uploads\/2024\/05\/Eunoia-24-1365x2048.jpg 1365w, https:\/\/centroeunoia.com\/wp-content\/uploads\/2024\/05\/Eunoia-24-scaled.jpg 1707w\" sizes=\"auto, (max-width: 683px) 100vw, 683px\" \/><figcaption class=\"wp-element-caption\">Psicologa jennifer domenech pulido<\/figcaption><\/figure>\n<\/div>\n<\/div>\n<\/div>\n\n\n\n<div style=\"height:50px\" aria-hidden=\"true\" class=\"wp-block-spacer\"><\/div>\n\n\n\n<blockquote class=\"wp-block-quote is-layout-flow wp-block-quote-is-layout-flow\">\n<ul class=\"wp-block-list\">\n<li style=\"font-size:clamp(0.984rem, 0.984rem + ((1vw - 0.2rem) * 0.86), 1.5rem);font-style:normal;font-weight:400\" class=\"has-hk-grotesk-font-family\">Licenciada en Psicolog\u00eda por la Universidad de Valencia.<\/li>\n\n\n\n<li style=\"font-size:clamp(0.984rem, 0.984rem + ((1vw - 0.2rem) * 0.86), 1.5rem);font-style:normal;font-weight:400\" class=\"has-hk-grotesk-font-family\">M\u00e1ster en Psicolog\u00eda Cl\u00ednica por el Centro de Terapia de Conducta de Valencia (CETECOVA).<\/li>\n\n\n\n<li style=\"font-size:clamp(0.984rem, 0.984rem + ((1vw - 0.2rem) * 0.86), 1.5rem);font-style:normal;font-weight:400\" class=\"has-hk-grotesk-font-family\">M\u00e1ster Europeo en Psicolog\u00eda Infantil (Euroinnova Business School -Universidad Antonio de Nebrija).<\/li>\n\n\n\n<li style=\"font-size:clamp(0.984rem, 0.984rem + ((1vw - 0.2rem) * 0.86), 1.5rem);font-style:normal;font-weight:400\" class=\"has-hk-grotesk-font-family\">Postgrado en Adicci\u00f3n al juego y otras adicciones comportamentales (ADEIT-Universidad de Valencia).<\/li>\n\n\n\n<li style=\"font-size:clamp(0.984rem, 0.984rem + ((1vw - 0.2rem) * 0.86), 1.5rem);font-style:normal;font-weight:400\" class=\"has-hk-grotesk-font-family\">Habilitaci\u00f3n como Psic\u00f3loga General Sanitaria.<\/li>\n<\/ul>\n<\/blockquote>\n\n\n\n<div class=\"wp-block-group alignfull has-custom-crema-eunoia-background-color has-background has-global-padding is-layout-constrained wp-container-core-group-is-layout-d89aad35 wp-block-group-is-layout-constrained\" style=\"margin-top:0;margin-bottom:0;padding-top:var(--wp--preset--spacing--50);padding-right:var(--wp--preset--spacing--50);padding-bottom:var(--wp--preset--spacing--50);padding-left:var(--wp--preset--spacing--50)\">\n<div class=\"wp-block-columns alignwide is-layout-flex wp-container-core-columns-is-layout-1da03c2a wp-block-columns-is-layout-flex\">\n<div class=\"wp-block-column is-vertically-aligned-center is-layout-flow wp-block-column-is-layout-flow\" style=\"flex-basis:60%\">\n<figure class=\"wp-block-image alignright size-full is-resized is-style-rounded wp-duotone-unset-3 is-style-rounded--2\"><img loading=\"lazy\" decoding=\"async\" width=\"2560\" height=\"1440\" src=\"http:\/\/centroeunoia.com\/wp-content\/uploads\/2024\/05\/pexels-tatianasyrikova-3975589-edited-scaled.jpg\" alt=\"\" class=\"wp-image-124\" style=\"aspect-ratio:1.3333333333333333;object-fit:cover;width:561px;height:auto\" srcset=\"https:\/\/centroeunoia.com\/wp-content\/uploads\/2024\/05\/pexels-tatianasyrikova-3975589-edited-scaled.jpg 2560w, https:\/\/centroeunoia.com\/wp-content\/uploads\/2024\/05\/pexels-tatianasyrikova-3975589-edited-300x169.jpg 300w, https:\/\/centroeunoia.com\/wp-content\/uploads\/2024\/05\/pexels-tatianasyrikova-3975589-edited-1024x576.jpg 1024w, https:\/\/centroeunoia.com\/wp-content\/uploads\/2024\/05\/pexels-tatianasyrikova-3975589-edited-768x432.jpg 768w, https:\/\/centroeunoia.com\/wp-content\/uploads\/2024\/05\/pexels-tatianasyrikova-3975589-edited-1536x864.jpg 1536w, https:\/\/centroeunoia.com\/wp-content\/uploads\/2024\/05\/pexels-tatianasyrikova-3975589-edited-2048x1152.jpg 2048w\" sizes=\"auto, (max-width: 2560px) 100vw, 2560px\" \/><\/figure>\n<\/div>\n\n\n\n<div class=\"wp-block-column is-layout-flow wp-block-column-is-layout-flow\" style=\"flex-basis:40%\">\n<h2 class=\"wp-block-heading\">\u00bfQuieres hablar con Jennifer?<\/h2>\n\n\n\n<p>Escr\u00edbele a <strong>jennifer.domenech@centroeunoia.com<\/strong> o bien contacta al centro!<\/p>\n\n\n\n<div class=\"wp-block-buttons is-layout-flex wp-block-buttons-is-layout-flex\">\n<div class=\"wp-block-button\"><a class=\"wp-block-button__link wp-element-button\" href=\"#contactanos\">Contacta al centro<\/a><\/div>\n<\/div>\n<\/div>\n<\/div>\n<\/div>\n\n\n\n<div class=\"wp-block-group alignfull has-custom-crema-eunoia-color has-custom-verde-eunoia-oscuro-background-color has-text-color has-background has-link-color wp-elements-af762e80018e6010494b55c4f5c357e9 has-global-padding is-layout-constrained wp-container-core-group-is-layout-669513ed wp-block-group-is-layout-constrained\" id=\"equipo\" style=\"margin-top:0;margin-bottom:0;padding-top:var(--wp--preset--spacing--50);padding-right:var(--wp--preset--spacing--50);padding-bottom:var(--wp--preset--spacing--50);padding-left:var(--wp--preset--spacing--50)\">\n<div class=\"wp-block-group is-vertical is-content-justification-center is-layout-flex wp-container-core-group-is-layout-ce155fab wp-block-group-is-layout-flex\">\n<h2 class=\"wp-block-heading has-text-align-center has-custom-crema-eunoia-color has-text-color has-link-color has-arsenica-trial-font-family has-xx-large-font-size wp-elements-1b8c1954d1e40ae537c280cced1c994f\">Conoce a nuestro equipo<\/h2>\n\n\n\n<p class=\"has-text-align-center\">Prestamos servicios de psicolog\u00eda y logopedia tanto de forma <strong>presencial<\/strong> como <strong>on-line<\/strong>.<\/p>\n<\/div>\n\n\n\n<div style=\"height:var(--wp--preset--spacing--30)\" aria-hidden=\"true\" class=\"wp-block-spacer\"><\/div>\n\n\n\n<div class=\"wp-block-columns alignwide is-layout-flex wp-container-core-columns-is-layout-4935966c wp-block-columns-is-layout-flex\" style=\"padding-right:0;padding-left:0\">\n<div class=\"wp-block-column is-layout-flow wp-block-column-is-layout-flow\">\n<figure class=\"wp-block-image size-full is-style-rounded is-style-rounded--4\"><a href=\"http:\/\/centroeunoia.com\/index.php\/jennifer-domenech-pulido\/\"><img loading=\"lazy\" decoding=\"async\" width=\"1707\" height=\"2560\" src=\"http:\/\/centroeunoia.com\/wp-content\/uploads\/2024\/05\/Eunoia-25-scaled.jpg\" alt=\"\" class=\"wp-image-78\" style=\"aspect-ratio:1;object-fit:cover\" srcset=\"https:\/\/centroeunoia.com\/wp-content\/uploads\/2024\/05\/Eunoia-25-scaled.jpg 1707w, https:\/\/centroeunoia.com\/wp-content\/uploads\/2024\/05\/Eunoia-25-200x300.jpg 200w, https:\/\/centroeunoia.com\/wp-content\/uploads\/2024\/05\/Eunoia-25-683x1024.jpg 683w, https:\/\/centroeunoia.com\/wp-content\/uploads\/2024\/05\/Eunoia-25-768x1152.jpg 768w, https:\/\/centroeunoia.com\/wp-content\/uploads\/2024\/05\/Eunoia-25-1024x1536.jpg 1024w, https:\/\/centroeunoia.com\/wp-content\/uploads\/2024\/05\/Eunoia-25-1366x2048.jpg 1366w\" sizes=\"auto, (max-width: 1707px) 100vw, 1707px\" \/><\/a><\/figure>\n\n\n\n<div class=\"wp-block-group is-vertical is-content-justification-center is-nowrap is-layout-flex wp-container-core-group-is-layout-21d4e958 wp-block-group-is-layout-flex\">\n<p class=\"has-text-align-center has-small-font-size\"><strong>Jennifer Domenech Pulido<\/strong><\/p>\n\n\n\n<p class=\"has-text-align-center has-small-font-size\">Psic\u00f3loga General Sanitaria<\/p>\n\n\n\n<div style=\"height:0px\" aria-hidden=\"true\" class=\"wp-block-spacer wp-container-content-62aae154\"><\/div>\n\n\n\n<div class=\"wp-block-buttons is-layout-flex wp-block-buttons-is-layout-flex\">\n<div class=\"wp-block-button\"><a class=\"wp-block-button__link has-custom-verde-eunoia-oscuro-color has-custom-crema-eunoia-background-color has-text-color has-background has-link-color wp-element-button\" href=\"http:\/\/centroeunoia.com\/index.php\/jennifer-domenech-pulido\/\">+ sobre Jennifer<\/a><\/div>\n<\/div>\n<\/div>\n<\/div>\n\n\n\n<div class=\"wp-block-column is-layout-flow wp-block-column-is-layout-flow\">\n<figure class=\"wp-block-image size-full is-style-rounded is-style-rounded--5\"><a href=\"http:\/\/centroeunoia.com\/index.php\/noelia-mata-galve\/\"><img loading=\"lazy\" decoding=\"async\" width=\"1707\" height=\"2560\" src=\"http:\/\/centroeunoia.com\/wp-content\/uploads\/2024\/05\/Eunoia-13-scaled.jpg\" alt=\"\" class=\"wp-image-73\" style=\"aspect-ratio:1;object-fit:cover\" srcset=\"https:\/\/centroeunoia.com\/wp-content\/uploads\/2024\/05\/Eunoia-13-scaled.jpg 1707w, https:\/\/centroeunoia.com\/wp-content\/uploads\/2024\/05\/Eunoia-13-200x300.jpg 200w, https:\/\/centroeunoia.com\/wp-content\/uploads\/2024\/05\/Eunoia-13-683x1024.jpg 683w, https:\/\/centroeunoia.com\/wp-content\/uploads\/2024\/05\/Eunoia-13-768x1152.jpg 768w, https:\/\/centroeunoia.com\/wp-content\/uploads\/2024\/05\/Eunoia-13-1024x1536.jpg 1024w, https:\/\/centroeunoia.com\/wp-content\/uploads\/2024\/05\/Eunoia-13-1365x2048.jpg 1365w\" sizes=\"auto, (max-width: 1707px) 100vw, 1707px\" \/><\/a><\/figure>\n\n\n\n<div class=\"wp-block-group is-vertical is-content-justification-center is-nowrap is-layout-flex wp-container-core-group-is-layout-63bfd6c1 wp-block-group-is-layout-flex\">\n<p class=\"has-text-align-center has-small-font-size\"><strong>Noelia Mata Galve<\/strong><\/p>\n\n\n\n<p class=\"has-text-align-center has-small-font-size\">Psic\u00f3loga General Sanitaria<\/p>\n<\/div>\n\n\n\n<div class=\"wp-block-buttons is-content-justification-center is-layout-flex wp-container-core-buttons-is-layout-a89b3969 wp-block-buttons-is-layout-flex\">\n<div class=\"wp-block-button\"><a class=\"wp-block-button__link has-custom-verde-eunoia-oscuro-color has-custom-crema-eunoia-background-color has-text-color has-background has-link-color wp-element-button\" href=\"http:\/\/centroeunoia.com\/index.php\/noelia-mata-galve\/\">+ sobre Noelia<\/a><\/div>\n<\/div>\n<\/div>\n\n\n\n<div class=\"wp-block-column is-layout-flow wp-block-column-is-layout-flow\">\n<figure class=\"wp-block-image size-full is-style-rounded is-style-rounded--6\"><img loading=\"lazy\" decoding=\"async\" width=\"1707\" height=\"2560\" src=\"https:\/\/centroeunoia.com\/wp-content\/uploads\/2024\/05\/Principal-Marta-1-5-scaled.jpg\" alt=\"\" class=\"wp-image-228\" style=\"aspect-ratio:1;object-fit:cover\" srcset=\"https:\/\/centroeunoia.com\/wp-content\/uploads\/2024\/05\/Principal-Marta-1-5-scaled.jpg 1707w, https:\/\/centroeunoia.com\/wp-content\/uploads\/2024\/05\/Principal-Marta-1-5-200x300.jpg 200w, https:\/\/centroeunoia.com\/wp-content\/uploads\/2024\/05\/Principal-Marta-1-5-683x1024.jpg 683w, https:\/\/centroeunoia.com\/wp-content\/uploads\/2024\/05\/Principal-Marta-1-5-768x1152.jpg 768w, https:\/\/centroeunoia.com\/wp-content\/uploads\/2024\/05\/Principal-Marta-1-5-1024x1536.jpg 1024w, https:\/\/centroeunoia.com\/wp-content\/uploads\/2024\/05\/Principal-Marta-1-5-1366x2048.jpg 1366w\" sizes=\"auto, (max-width: 1707px) 100vw, 1707px\" \/><\/figure>\n\n\n\n<div class=\"wp-block-group is-vertical is-content-justification-center is-nowrap is-layout-flex wp-container-core-group-is-layout-63bfd6c1 wp-block-group-is-layout-flex\">\n<p class=\"has-text-align-center has-small-font-size\"><strong>Marta Queralt P\u00e9rez<\/strong><\/p>\n\n\n\n<p class=\"has-text-align-center has-small-font-size\">Logopeda<\/p>\n<\/div>\n\n\n\n<div class=\"wp-block-buttons is-content-justification-center is-layout-flex wp-container-core-buttons-is-layout-a89b3969 wp-block-buttons-is-layout-flex\">\n<div class=\"wp-block-button\"><a class=\"wp-block-button__link has-custom-verde-eunoia-oscuro-color has-custom-crema-eunoia-background-color has-text-color has-background has-link-color wp-element-button\" href=\"http:\/\/centroeunoia.com\/index.php\/marta-queralt-perez\/\">+ sobre Marta<\/a><\/div>\n<\/div>\n<\/div>\n<\/div>\n<\/div>\n\n\n","protected":false},"excerpt":{"rendered":"<p>Psic\u00f3loga General Sanitaria CV11181 Desde mi punto de vista, un psic\u00f3logo es un experto que dota a las personas de t\u00e9cnicas o estrategias probadas cient\u00edficamente para aprender a manejar un malestar emocional elimin\u00e1ndolo o a saber gestionarlo de tal manera que interfiera lo m\u00ednimo posible en su d\u00edaa d\u00eda.Creo firmemente que la relaci\u00f3n terapeuta-paciente, la [&hellip;]<\/p>\n","protected":false},"author":1,"featured_media":0,"parent":0,"menu_order":0,"comment_status":"closed","ping_status":"closed","template":"","meta":{"footnotes":""},"class_list":["post-119","page","type-page","status-publish","hentry"],"_links":{"self":[{"href":"https:\/\/centroeunoia.com\/index.php\/wp-json\/wp\/v2\/pages\/119","targetHints":{"allow":["GET"]}}],"collection":[{"href":"https:\/\/centroeunoia.com\/index.php\/wp-json\/wp\/v2\/pages"}],"about":[{"href":"https:\/\/centroeunoia.com\/index.php\/wp-json\/wp\/v2\/types\/page"}],"author":[{"embeddable":true,"href":"https:\/\/centroeunoia.com\/index.php\/wp-json\/wp\/v2\/users\/1"}],"replies":[{"embeddable":true,"href":"https:\/\/centroeunoia.com\/index.php\/wp-json\/wp\/v2\/comments?post=119"}],"version-history":[{"count":14,"href":"https:\/\/centroeunoia.com\/index.php\/wp-json\/wp\/v2\/pages\/119\/revisions"}],"predecessor-version":[{"id":232,"href":"https:\/\/centroeunoia.com\/index.php\/wp-json\/wp\/v2\/pages\/119\/revisions\/232"}],"wp:attachment":[{"href":"https:\/\/centroeunoia.com\/index.php\/wp-json\/wp\/v2\/media?parent=119"}],"curies":[{"name":"wp","href":"https:\/\/api.w.org\/{rel}","templated":true}]}}